. Calculate the highest common divisor of i and 5.
5
Let a be -2 + (-2 - (-1 + -118)). Suppose -2*u = 4*i - 38, 0 = -0*u - 5*u - i + 113. Calculate the greatest common factor of a and u.
23
Suppose 4*d + d = -2*n + 58, -2*d - 20 = -n. What is the greatest common factor of n and 60?
12
Suppose 0*d + 13 = 5*d + 3*j, -26 = -2*d + 4*j. What is the greatest common divisor of d and 15?
5
Suppose 40 = -0*l + 4*l. What is the greatest common divisor of l and 10?
10
Let q = -24 + 52. What is the greatest common divisor of 280 and q?
28
Let a be (-7)/(28/12) + 13. Let w be (-14 - 1)/((-3)/22). Calculate the highest common divisor of a and w.
10
Suppose -10 = 2*m - m - 5*h, 0 = -5*m - 4*h + 95. Suppose -3*p + 12 = 4*r - 13, 5*r - 70 = 4*p. What is the greatest common divisor of m and r?
5
Let c(q) = q**2 + q. Let z be c(2). Calculate the highest common factor of z and 2.
2
Suppose -v = -0*v - 96. What is the highest common factor of 16 and v?
16
Suppose 0 = -3*q - 1 + 28. Suppose 4*x = -s + 180, 5*x - 2*s - 95 = 130. What is the greatest common divisor of x and q?
9
Let v(l) = -103*l + 39. Let n be v(-4). Calculate the greatest common divisor of 41 and n.
41
Let g be (2/(-4))/((-3)/390). Let k be 2208/84 + ((-16)/14)/4. Calculate the greatest common factor of k and g.
13
Let j(g) be the second derivative of -g**3/6 - 2*g**2 - g. Let k be j(-5). What is the greatest common divisor of 2 and k?
1
Let p(l) = l**3 + 3*l**2 + l - 2. Let m be p(-3). Let s = 9 + m. What is the highest common divisor of 4 and s?
4
Let c(z) = z**2 - 5*z + 1. Let g be c(4). Suppose 8 = 3*d - 22. Let r = d + g. What is the highest common divisor of 7 and r?
7
Suppose 3*p + 23 = 5*m, 0*m - 4*m + p = -24. Suppose m*x - 6*x = 3. Calculate the greatest common factor of 3 and x.
3
Suppose -4*j = -4*v - 4 - 0, 2*j - 5 = -v. Let f(u) = 17*u**3 + 2*u - 1. Let q be f(v). What is the highest common divisor of q and 2?
2
Suppose -5*p - 39 = u, -u = -3*p - 2*p - 31. Let d = p + 10. Suppose d*v - 63 - 6 = 0. What is the highest common divisor of v and 207?
23
Let s = -123 + 206. Suppose 4*i + s = 5*o, -4*o - i = 10 - 89. What is the greatest common factor of 57 and o?
19
Suppose 18*z - 14 = 16*z. Calculate the greatest common factor of z and 56.
7
Let i(x) = x**2 + 1 + 14*x**3 + 4*x**3 + x**3 - x. Let u be i(1). What is the greatest common factor of 140 and u?
20
Let r(q) be the third derivative of 13*q**4/24 - q**3/2 - 5*q**2. Let b be r(3). Calculate the greatest common factor of 12 and b.
12
Let r be 8*(15/10 + -1). Calculate the highest common divisor of 88 and r.
4
Let n(y) = -y**3 - y. Let q be n(0). Let c be 3 + (-2)/(q + -2). Let i(o) = o**3 - 3*o**2 - o + 4. Let v be i(4). What is the highest common factor of v and c?
4
Suppose -2*a + 13 = -11. Let r be 1/6 + (-284)/(-24). Let t = r + 6. Calculate the greatest common divisor of t and a.
6
Let s be 116 - ((-10)/2 - -1). Calculate the highest common factor of 15 and s.
15
Let l be (-9)/(27/6)*-1. What is the highest common divisor of l and 5?
1
Let b = -2 + 2. Suppose -2*a + b*a + 40 = 0. Calculate the highest common divisor of 100 and a.
20
Suppose 253 = n - 3*b, 54 = n + 4*b - 206. Suppose 0*t = -4*t + n. Suppose 26 = 4*m - 6. Calculate the greatest common factor of t and m.
8
Let l be (-3)/(-12) + (-11)/(-4). Suppose l*g + g = 320. Let t be (3 - 5) + g - -3. What is the greatest common divisor of 9 and t?
9
Suppose 0 = -8*q + 3*q + 30. Calculate the highest common factor of q and 42.
6
Suppose -4*l = -4*b + 72, 4*l - 5 + 21 = 0. What is the highest common divisor of b and 119?
7
Suppose m = -4*w + 8, 0 = -m + 5*m + 3*w - 19. Suppose -3*p = 2*b - 496, 2*b = m*p + 3*b - 668. What is the highest common divisor of 24 and p?
24
Suppose -5*n = -r - 19, -2*n - 2 = -r - 36. Let w be (r/(-6))/(2/15). What is the highest common divisor of w and 22?
11
Let g = 15 + -10. Suppose g*z - 42 = 318. What is the greatest common factor of z and 12?
12
Let b(u) = -3*u - 9*u - 20*u. Let j be b(-4). Let l = -23 - -39. What is the greatest common divisor of l and j?
16
Suppose 1 = -a - 5. Let k be (1 + 2)*(-10)/a. Suppose 0 = -2*r - 5*j - 13, 3*r - 5*j + 2*j - 12 = 0. What is the highest common divisor of k and r?
1
Suppose 0 = 2*m - m - 5*o + 12, -12 = -4*o. Let b(q) = -2*q**3 - q**2. Let p be b(-1). What is the highest common divisor of p and m?
1
Suppose 29 = -3*z + 344. What is the greatest common factor of 21 and z?
21
Let u be (-2)/(-9) + (-32)/(-18). Let t be (-9)/(-54) - (-22)/12. What is the highest common factor of u and t?
2
Let f(h) = -12*h - 31. Let b be f(-9). Calculate the highest common factor of b and 11.
11
Suppose 3*l - 122 + 32 = 0. Calculate the greatest common divisor of 6 and l.
6
Let d = -5 + 6. Calculate the highest common factor of d and 4.
1
Let c be 7/2*50/1. Calculate the greatest common divisor of c and 25.
25
Let y = -18 + 28. Suppose -5*m + y*m = 60. What is the greatest common divisor of 48 and m?
12
Let l be (4 - 7 - -8) + 2/(-1). Suppose 0 = -4*a + 4*t + 28, a + 6 = 3*t + 21. What is the greatest common factor of l and a?
3
Suppose -4*z - 2*g = 484 - 1146, -3*g = -3*z + 519. Suppose 6*h - z = 2*h. What is the greatest common divisor of 28 and h?
14
Let a(z) = -6*z**3 + 2*z**2 - 2*z + 1. Let n be a(1). Let m be n/(-2)*(-1 - -25). Let w be 9/1*(-8)/(-3). What is the greatest common divisor of w and m?
12
Let v(t) = 3*t + 2. Let u be v(6). Suppose 4*r = -18 - 6. Let h be r/(182/(-60) + 3). What is the greatest common factor of h and u?
20
Suppose -7 + 48 = 4*h - 5*f, -5 = 5*f. Calculate the highest common divisor of h and 36.
9
Suppose 5*h + 160 = 5*n, 4*h = 3*h - 5. Calculate the greatest common divisor of 189 and n.
27
Let s = 14 - 15. Let q be (10/s)/((-3)/6). What is the greatest common divisor of 10 and q?
10
Let c be -3 + 1 + 7 - 3. Suppose 506 = c*s + 46. Calculate the highest common divisor of 23 and s.
23
Let h be (-2 + (-30)/(-4))*4. Let j be (-12)/(-72) + 266/(-12). Let n = j + 77. Calculate the highest common divisor of h and n.
11
Suppose 4*c + 32 = 8*c. What is the greatest common factor of c and 88?
8
Let u be 1655/45 + 4/18. Suppose 5*a - u = 83. Calculate the highest common divisor of a and 192.
24
Suppose 10 = 5*d + 5. Let a = d + 14. Calculate the greatest common factor of 60 and a.
15
Let a be (49 - 1)/(15/10). What is the greatest common divisor of a and 256?
32
Let y(g) = 37*g - 5. Let p be y(2). Let a(t) = -t**2 + 6*t + 2. Let k be a(6). Suppose -4 = -k*d + 42. What is the greatest common divisor of d and p?
23
Let m = -4 + 12. Let p(b) = -2*b**2 + 12*b - 10. Let v be p(3). What is the highest common factor of v and m?
8
Let y be 0 + 6/9 - 284/(-6). Let q = -2 - -4. Let j be 1 + -1 + 12/q. Calculate the greatest common factor of j and y.
6
Suppose 0 = -l + 1, -3*y = y - 5*l + 21. Let m = y + 12. Let x = 163 + -91. What is the greatest common divisor of x and m?
8
Let d(l) = 27*l - 9. Let c be d(14). Suppose 2*r - u - 244 = -0*u, 0 = -3*r + 3*u + c. What is the greatest common divisor of r and 11?
11
Let r(n) = 7*n**2 - 3*n. Let b be r(2). What is the highest common divisor of b and 2?
2
Suppose 2*o = 4*o - 24. Suppose 0 = k + 4 - 1. Let p(t) = 8*t**2 + 3*t - 3. Let a be p(k). Calculate the greatest common factor of o and a.
12
Let t(w) = -w**3 - 13*w**2 + w + 26. Let c be t(-13). What is the highest common divisor of 143 and c?
13
Let l be (-1894)/(-14) - (-12)/(-42). What is the greatest common factor of 15 and l?
15
Suppose -12 = -3*j, -2*j + 0*j = 4*y - 272. What is the greatest common factor of y and 44?
22
Let h be 6/(-4) - 133/2. Let o be h/(21/9 + -3). Calculate the highest common factor of 17 and o.
17
Let i = -8 + 10. Suppose -3*x - 128 = -2*g, 0*g - 2*x - 132 = -i*g. Suppose -2*h + g = -0*h. Calculate the highest common divisor of h and 5.
5
Let t(b) = -4*b + 1. Let c be t(-6). Suppose 4*x - 5*r = -5, -6*x + 3*r = -3*x. Calculate the greatest common factor of x and c.
5
Let y(b) be the third derivative of 5*b**4/12 + b**3/3 - 4*b**2. Let x be y(4). Let o be (-3 - x/(-3)) + -3. Calculate the greatest common factor of o and 88.
8
Suppose -g + 14 = 2*p, 4*g - 65 = 2*p - 7*p. What is the highest common divisor of g and 30?
10
Suppose 2*s + 46 = -2. Let y be s/10*(-25)/5. Calculate the greatest